{"id":8297,"date":"2017-06-04T09:29:45","date_gmt":"2017-06-04T07:29:45","guid":{"rendered":"http:\/\/www.mmlegnopiu.it\/porte-finestre-milano\/?post_type=product&#038;p=8297"},"modified":"2019-12-04T10:51:49","modified_gmt":"2019-12-04T09:51:49","slug":"porte-filomuro-rei-tagliafuoco-garofali-milano","status":"publish","type":"product","link":"https:\/\/www.mmlegnopiu.it\/porte-finestre-milano\/prodotto\/porte-filomuro-rei-tagliafuoco-garofali-milano\/","title":{"rendered":"Porte filomuro REI tagliafuoco"},"content":{"rendered":"<h1><strong>FILOMURO: L&#8217;INVISIBILE ESSENZA DELL&#8217;ELEGANZA<\/strong><\/h1>\n<h1><\/h1>\n<h2>Le porte Filomuro Rei possono essere scelte sia con resistenza al fuoco di 30 minuti che anche con una resistenza maggiore, di 60 o addirittura 120 minuti. Una soluzione minimale che garantisce sicurezza a hotel ed edifici pubblici.<\/h2>\n<h2>Le porte tagliafuoco nella versione raso parete sono molto apprezzate da chi intende mantenere la complanarit\u00e0 degli elementi pur rispettando le normative.<\/h2>\n<p>&nbsp;<\/p>\n<p>&nbsp;<\/p>\n<h2><span style=\"color: #008000;\"><strong>FILOMURO REI 30<\/strong><\/span><\/h2>\n<h2>Porta resistente al fuoco ad un anta in legno con telaio in alluminio avente classificazione EI30-Rei30.<\/h2>\n<h2>Telaio estruso da inserire nella muratura o nel cartongesso compreso di guarnizioni per rumore e fumi freddi.<\/h2>\n<h2>Spessore da mm. 100 con resistenza al fuoco EI30- REi30.<\/h2>\n<h2>Anta sp. 45 mm complanare al muro sul lato a spingere o tirare.<\/h2>\n<h2>Guarnizioni intumescenti sul telaio.<\/h2>\n<h2>La porta Filomuro Rei 30, oltre alle caratteristiche gi\u00e0 evidenziate offre un fonoisolamento di 35, 38 o 40 dB.<\/h2>\n<p>&nbsp;<\/p>\n<p><a href=\"http:\/\/www.mmlegnopiu.it\/porte-finestre-milano\/wp-content\/uploads\/2017\/06\/porte-filomuro-garofoli-9.jpg\"><img loading=\"lazy\" decoding=\"async\" class=\"size-full wp-image-8300 aligncenter\" src=\"http:\/\/www.mmlegnopiu.it\/porte-finestre-milano\/wp-content\/uploads\/2017\/06\/porte-filomuro-garofoli-9.jpg\" alt=\"\" width=\"1300\" height=\"823\" srcset=\"https:\/\/www.mmlegnopiu.it\/porte-finestre-milano\/wp-content\/uploads\/2017\/06\/porte-filomuro-garofoli-9.jpg 1300w, https:\/\/www.mmlegnopiu.it\/porte-finestre-milano\/wp-content\/uploads\/2017\/06\/porte-filomuro-garofoli-9-400x253.jpg 400w, https:\/\/www.mmlegnopiu.it\/porte-finestre-milano\/wp-content\/uploads\/2017\/06\/porte-filomuro-garofoli-9-300x190.jpg 300w, https:\/\/www.mmlegnopiu.it\/porte-finestre-milano\/wp-content\/uploads\/2017\/06\/porte-filomuro-garofoli-9-768x486.jpg 768w, https:\/\/www.mmlegnopiu.it\/porte-finestre-milano\/wp-content\/uploads\/2017\/06\/porte-filomuro-garofoli-9-1024x648.jpg 1024w, https:\/\/www.mmlegnopiu.it\/porte-finestre-milano\/wp-content\/uploads\/2017\/06\/porte-filomuro-garofoli-9-600x380.jpg 600w\" sizes=\"auto, (max-width: 1300px) 100vw, 1300px\" \/><\/a><\/p>\n<p>&nbsp;<\/p>\n<p>&nbsp;<\/p>\n<p>&nbsp;<\/p>\n<h2><span style=\"color: #008000;\"><strong>FILOMURO REI 60<\/strong><\/span><\/h2>\n<h2>Porta resistente al fuoco ad un\u2019anta in legno con telaio in alluminio avente classificazione EI60 \u2013 REI 60.<br \/>\nTelaio estruso da inserire nella muratura o nel cartongesso con spessore da mm. 125 minimo con resistenza al fuoco EI 60 \u2013 REI 60.<\/h2>\n<h2>Anta sp. 60 mm, complanare al muro sul lato a spingere o tirare.<\/h2>\n<h2>Guarnizioni intumescenti sul telaio.<\/h2>\n<h2>La porta Filomuro Rei 60, oltre alle caratteristiche gi\u00e0 evidenziate offre un fonoisolamento di 28, 38 o 42 dB, \u00e8 disponibile con obl\u00f2 rettangolare ed \u00e8 anche una porta Klima, garantisce quindi anche un ottimo isolamento termico.<\/h2>\n<p>&nbsp;<\/p>\n<p><a href=\"http:\/\/www.mmlegnopiu.it\/porte-finestre-milano\/wp-content\/uploads\/2017\/06\/FILOMURO-TAGLIAFUOCO-MILANO-2.jpg\"><img loading=\"lazy\" decoding=\"async\" class=\"size-full wp-image-8305 aligncenter\" src=\"http:\/\/www.mmlegnopiu.it\/porte-finestre-milano\/wp-content\/uploads\/2017\/06\/FILOMURO-TAGLIAFUOCO-MILANO-2.jpg\" alt=\"\" width=\"1200\" height=\"750\" srcset=\"https:\/\/www.mmlegnopiu.it\/porte-finestre-milano\/wp-content\/uploads\/2017\/06\/FILOMURO-TAGLIAFUOCO-MILANO-2.jpg 1200w, https:\/\/www.mmlegnopiu.it\/porte-finestre-milano\/wp-content\/uploads\/2017\/06\/FILOMURO-TAGLIAFUOCO-MILANO-2-400x250.jpg 400w, https:\/\/www.mmlegnopiu.it\/porte-finestre-milano\/wp-content\/uploads\/2017\/06\/FILOMURO-TAGLIAFUOCO-MILANO-2-300x188.jpg 300w, https:\/\/www.mmlegnopiu.it\/porte-finestre-milano\/wp-content\/uploads\/2017\/06\/FILOMURO-TAGLIAFUOCO-MILANO-2-768x480.jpg 768w, https:\/\/www.mmlegnopiu.it\/porte-finestre-milano\/wp-content\/uploads\/2017\/06\/FILOMURO-TAGLIAFUOCO-MILANO-2-1024x640.jpg 1024w, https:\/\/www.mmlegnopiu.it\/porte-finestre-milano\/wp-content\/uploads\/2017\/06\/FILOMURO-TAGLIAFUOCO-MILANO-2-600x375.jpg 600w\" sizes=\"auto, (max-width: 1200px) 100vw, 1200px\" \/><\/a><\/p>\n<p>&nbsp;<\/p>\n<p>&nbsp;<\/p>\n<h2><span style=\"color: #008000;\"><strong>FILOMURO REI120<\/strong><\/span><\/h2>\n<h2>Porta resistente al fuoco in legno ad un\u2019anta avente classificazione EI 120 \u2013 REI 120.<br \/>\nTelaio sp. 85 mm. Mostre telescopiche regola-bili.<\/h2>\n<h2>Guarnizione acustica fumi freddi estrusa.<\/h2>\n<h2>Guarnizione intumescente autoadesiva.<\/h2>\n<h2>Montaggio consentito su pareti in muratura o cartongesso da sp. mm. 110 minimo con resistenza al fuoco EI 120 \u2013 REI 120.<\/h2>\n<h2>Anta sp. 90 mm.<\/h2>\n<h2>Guarnizioni intumescenti sui bordi dell\u2019anta e del telaio.<\/h2>\n<p>&nbsp;<\/p>\n<p><a href=\"http:\/\/www.mmlegnopiu.it\/porte-finestre-milano\/wp-content\/uploads\/2017\/06\/FILOMURO-TAGLIAFUOCO-MILANO.jpg\"><img loading=\"lazy\" decoding=\"async\" class=\"size-full wp-image-8306 aligncenter\" src=\"http:\/\/www.mmlegnopiu.it\/porte-finestre-milano\/wp-content\/uploads\/2017\/06\/FILOMURO-TAGLIAFUOCO-MILANO.jpg\" alt=\"\" width=\"1400\" height=\"874\" srcset=\"https:\/\/www.mmlegnopiu.it\/porte-finestre-milano\/wp-content\/uploads\/2017\/06\/FILOMURO-TAGLIAFUOCO-MILANO.jpg 1400w, https:\/\/www.mmlegnopiu.it\/porte-finestre-milano\/wp-content\/uploads\/2017\/06\/FILOMURO-TAGLIAFUOCO-MILANO-400x250.jpg 400w, https:\/\/www.mmlegnopiu.it\/porte-finestre-milano\/wp-content\/uploads\/2017\/06\/FILOMURO-TAGLIAFUOCO-MILANO-300x187.jpg 300w, https:\/\/www.mmlegnopiu.it\/porte-finestre-milano\/wp-content\/uploads\/2017\/06\/FILOMURO-TAGLIAFUOCO-MILANO-768x479.jpg 768w, https:\/\/www.mmlegnopiu.it\/porte-finestre-milano\/wp-content\/uploads\/2017\/06\/FILOMURO-TAGLIAFUOCO-MILANO-1024x639.jpg 1024w, https:\/\/www.mmlegnopiu.it\/porte-finestre-milano\/wp-content\/uploads\/2017\/06\/FILOMURO-TAGLIAFUOCO-MILANO-600x375.jpg 600w\" sizes=\"auto, (max-width: 1400px) 100vw, 1400px\" \/><\/a><\/p>\n","protected":false},"excerpt":{"rendered":"<h1><span style=\"font-size: 150%;\"><strong>GAROFOLI. \u00a0L&#8217;ECCELLENZA NASCOSTA<\/strong><\/span><\/h1>\n<h3><\/h3>\n<h3><span style=\"color: #008000;\"><strong>CARATTERISTICHE<\/strong><\/span><\/h3>\n<ul>\n<li>\n<h3>Versione con finitura legno<\/h3>\n<\/li>\n<li>\n<h3>Versione laccata<\/h3>\n<\/li>\n<li>\n<h3>Porta singola<\/h3>\n<\/li>\n<\/ul>\n","protected":false},"featured_media":8304,"template":"","meta":[],"product_brand":[],"product_cat":[487],"product_tag":[30,351,352,49],"class_list":{"0":"post-8297","1":"product","2":"type-product","3":"status-publish","4":"has-post-thumbnail","6":"product_cat-rivenditore-porte-filomuro-garofoli-milano","7":"product_tag-garofoli","8":"product_tag-milano","9":"product_tag-pavia","10":"product_tag-porte-filomuro-2","12":"first","13":"instock","14":"shipping-taxable","15":"product-type-simple"},"yoast_head":"<!-- This site is optimized with the Yoast SEO plugin v26.8 - https:\/\/yoast.com\/product\/yoast-seo-wordpress\/ -->\n<title>Porte filomuro REI tagliafuoco a Milano. Pensate per spazi pubblici e hotel<\/title>\n<meta name=\"description\" content=\"Porte REI TAGLIAFUOCO filomuro Garofoli a Milano. Una gamma unica nel suo genere, pensata soprattutto per hotel e spazi pubblici.\" \/>\n<meta name=\"robots\" content=\"index, follow, max-snippet:-1, max-image-preview:large, max-video-preview:-1\" \/>\n<link rel=\"canonical\" href=\"https:\/\/www.mmlegnopiu.it\/porte-finestre-milano\/prodotto\/porte-filomuro-rei-tagliafuoco-garofali-milano\/\" \/>\n<meta property=\"og:locale\" content=\"it_IT\" \/>\n<meta property=\"og:type\" content=\"article\" \/>\n<meta property=\"og:title\" content=\"Porte filomuro REI tagliafuoco a Milano. Pensate per spazi pubblici e hotel\" \/>\n<meta property=\"og:description\" content=\"Porte REI TAGLIAFUOCO filomuro Garofoli a Milano. Una gamma unica nel suo genere, pensata soprattutto per hotel e spazi pubblici.\" \/>\n<meta property=\"og:url\" content=\"https:\/\/www.mmlegnopiu.it\/porte-finestre-milano\/prodotto\/porte-filomuro-rei-tagliafuoco-garofali-milano\/\" \/>\n<meta property=\"og:site_name\" content=\"M&amp;M Legno Pi\u00f9\" \/>\n<meta property=\"article:modified_time\" content=\"2019-12-04T09:51:49+00:00\" \/>\n<meta property=\"og:image\" content=\"https:\/\/www.mmlegnopiu.it\/porte-finestre-milano\/wp-content\/uploads\/2017\/06\/porte-filomuro-garofoli-5-4.jpg\" \/>\n\t<meta property=\"og:image:width\" content=\"940\" \/>\n\t<meta property=\"og:image:height\" content=\"1175\" \/>\n\t<meta property=\"og:image:type\" content=\"image\/jpeg\" \/>\n<meta name=\"twitter:card\" content=\"summary_large_image\" \/>\n<meta name=\"twitter:label1\" content=\"Tempo di lettura stimato\" \/>\n\t<meta name=\"twitter:data1\" content=\"1 minuto\" \/>\n<script type=\"application\/ld+json\" class=\"yoast-schema-graph\">{\"@context\":\"https:\/\/schema.org\",\"@graph\":[{\"@type\":\"WebPage\",\"@id\":\"https:\/\/www.mmlegnopiu.it\/porte-finestre-milano\/prodotto\/porte-filomuro-rei-tagliafuoco-garofali-milano\/\",\"url\":\"https:\/\/www.mmlegnopiu.it\/porte-finestre-milano\/prodotto\/porte-filomuro-rei-tagliafuoco-garofali-milano\/\",\"name\":\"Porte filomuro REI tagliafuoco a Milano. Pensate per spazi pubblici e hotel\",\"isPartOf\":{\"@id\":\"https:\/\/www.mmlegnopiu.it\/porte-finestre-milano\/#website\"},\"primaryImageOfPage\":{\"@id\":\"https:\/\/www.mmlegnopiu.it\/porte-finestre-milano\/prodotto\/porte-filomuro-rei-tagliafuoco-garofali-milano\/#primaryimage\"},\"image\":{\"@id\":\"https:\/\/www.mmlegnopiu.it\/porte-finestre-milano\/prodotto\/porte-filomuro-rei-tagliafuoco-garofali-milano\/#primaryimage\"},\"thumbnailUrl\":\"https:\/\/www.mmlegnopiu.it\/porte-finestre-milano\/wp-content\/uploads\/2017\/06\/porte-filomuro-garofoli-5-4.jpg\",\"datePublished\":\"2017-06-04T07:29:45+00:00\",\"dateModified\":\"2019-12-04T09:51:49+00:00\",\"description\":\"Porte REI TAGLIAFUOCO filomuro Garofoli a Milano. Una gamma unica nel suo genere, pensata soprattutto per hotel e spazi pubblici.\",\"breadcrumb\":{\"@id\":\"https:\/\/www.mmlegnopiu.it\/porte-finestre-milano\/prodotto\/porte-filomuro-rei-tagliafuoco-garofali-milano\/#breadcrumb\"},\"inLanguage\":\"it-IT\",\"potentialAction\":[{\"@type\":\"ReadAction\",\"target\":[\"https:\/\/www.mmlegnopiu.it\/porte-finestre-milano\/prodotto\/porte-filomuro-rei-tagliafuoco-garofali-milano\/\"]}]},{\"@type\":\"ImageObject\",\"inLanguage\":\"it-IT\",\"@id\":\"https:\/\/www.mmlegnopiu.it\/porte-finestre-milano\/prodotto\/porte-filomuro-rei-tagliafuoco-garofali-milano\/#primaryimage\",\"url\":\"https:\/\/www.mmlegnopiu.it\/porte-finestre-milano\/wp-content\/uploads\/2017\/06\/porte-filomuro-garofoli-5-4.jpg\",\"contentUrl\":\"https:\/\/www.mmlegnopiu.it\/porte-finestre-milano\/wp-content\/uploads\/2017\/06\/porte-filomuro-garofoli-5-4.jpg\",\"width\":940,\"height\":1175},{\"@type\":\"BreadcrumbList\",\"@id\":\"https:\/\/www.mmlegnopiu.it\/porte-finestre-milano\/prodotto\/porte-filomuro-rei-tagliafuoco-garofali-milano\/#breadcrumb\",\"itemListElement\":[{\"@type\":\"ListItem\",\"position\":1,\"name\":\"Home\",\"item\":\"https:\/\/www.mmlegnopiu.it\/porte-finestre-milano\/\"},{\"@type\":\"ListItem\",\"position\":2,\"name\":\"Shop\",\"item\":\"https:\/\/www.mmlegnopiu.it\/porte-finestre-milano\/shop\/\"},{\"@type\":\"ListItem\",\"position\":3,\"name\":\"Porte filomuro REI tagliafuoco\"}]},{\"@type\":\"WebSite\",\"@id\":\"https:\/\/www.mmlegnopiu.it\/porte-finestre-milano\/#website\",\"url\":\"https:\/\/www.mmlegnopiu.it\/porte-finestre-milano\/\",\"name\":\"M&amp;M Legno Pi\u00f9\",\"description\":\"Finestre Milano, porte, scale.\",\"publisher\":{\"@id\":\"https:\/\/www.mmlegnopiu.it\/porte-finestre-milano\/#organization\"},\"potentialAction\":[{\"@type\":\"SearchAction\",\"target\":{\"@type\":\"EntryPoint\",\"urlTemplate\":\"https:\/\/www.mmlegnopiu.it\/porte-finestre-milano\/?s={search_term_string}\"},\"query-input\":{\"@type\":\"PropertyValueSpecification\",\"valueRequired\":true,\"valueName\":\"search_term_string\"}}],\"inLanguage\":\"it-IT\"},{\"@type\":\"Organization\",\"@id\":\"https:\/\/www.mmlegnopiu.it\/porte-finestre-milano\/#organization\",\"name\":\"M & M Legno Pi\u00f9\",\"url\":\"https:\/\/www.mmlegnopiu.it\/porte-finestre-milano\/\",\"logo\":{\"@type\":\"ImageObject\",\"inLanguage\":\"it-IT\",\"@id\":\"https:\/\/www.mmlegnopiu.it\/porte-finestre-milano\/#\/schema\/logo\/image\/\",\"url\":\"https:\/\/www.mmlegnopiu.it\/porte-finestre-milano\/wp-content\/uploads\/2015\/04\/logo.jpg\",\"contentUrl\":\"https:\/\/www.mmlegnopiu.it\/porte-finestre-milano\/wp-content\/uploads\/2015\/04\/logo.jpg\",\"width\":214,\"height\":219,\"caption\":\"M & M Legno Pi\u00f9\"},\"image\":{\"@id\":\"https:\/\/www.mmlegnopiu.it\/porte-finestre-milano\/#\/schema\/logo\/image\/\"}}]}<\/script>\n<!-- \/ Yoast SEO plugin. -->","yoast_head_json":{"title":"Porte filomuro REI tagliafuoco a Milano. Pensate per spazi pubblici e hotel","description":"Porte REI TAGLIAFUOCO filomuro Garofoli a Milano. Una gamma unica nel suo genere, pensata soprattutto per hotel e spazi pubblici.","robots":{"index":"index","follow":"follow","max-snippet":"max-snippet:-1","max-image-preview":"max-image-preview:large","max-video-preview":"max-video-preview:-1"},"canonical":"https:\/\/www.mmlegnopiu.it\/porte-finestre-milano\/prodotto\/porte-filomuro-rei-tagliafuoco-garofali-milano\/","og_locale":"it_IT","og_type":"article","og_title":"Porte filomuro REI tagliafuoco a Milano. Pensate per spazi pubblici e hotel","og_description":"Porte REI TAGLIAFUOCO filomuro Garofoli a Milano. Una gamma unica nel suo genere, pensata soprattutto per hotel e spazi pubblici.","og_url":"https:\/\/www.mmlegnopiu.it\/porte-finestre-milano\/prodotto\/porte-filomuro-rei-tagliafuoco-garofali-milano\/","og_site_name":"M&amp;M Legno Pi\u00f9","article_modified_time":"2019-12-04T09:51:49+00:00","og_image":[{"width":940,"height":1175,"url":"https:\/\/www.mmlegnopiu.it\/porte-finestre-milano\/wp-content\/uploads\/2017\/06\/porte-filomuro-garofoli-5-4.jpg","type":"image\/jpeg"}],"twitter_card":"summary_large_image","twitter_misc":{"Tempo di lettura stimato":"1 minuto"},"schema":{"@context":"https:\/\/schema.org","@graph":[{"@type":"WebPage","@id":"https:\/\/www.mmlegnopiu.it\/porte-finestre-milano\/prodotto\/porte-filomuro-rei-tagliafuoco-garofali-milano\/","url":"https:\/\/www.mmlegnopiu.it\/porte-finestre-milano\/prodotto\/porte-filomuro-rei-tagliafuoco-garofali-milano\/","name":"Porte filomuro REI tagliafuoco a Milano. Pensate per spazi pubblici e hotel","isPartOf":{"@id":"https:\/\/www.mmlegnopiu.it\/porte-finestre-milano\/#website"},"primaryImageOfPage":{"@id":"https:\/\/www.mmlegnopiu.it\/porte-finestre-milano\/prodotto\/porte-filomuro-rei-tagliafuoco-garofali-milano\/#primaryimage"},"image":{"@id":"https:\/\/www.mmlegnopiu.it\/porte-finestre-milano\/prodotto\/porte-filomuro-rei-tagliafuoco-garofali-milano\/#primaryimage"},"thumbnailUrl":"https:\/\/www.mmlegnopiu.it\/porte-finestre-milano\/wp-content\/uploads\/2017\/06\/porte-filomuro-garofoli-5-4.jpg","datePublished":"2017-06-04T07:29:45+00:00","dateModified":"2019-12-04T09:51:49+00:00","description":"Porte REI TAGLIAFUOCO filomuro Garofoli a Milano. Una gamma unica nel suo genere, pensata soprattutto per hotel e spazi pubblici.","breadcrumb":{"@id":"https:\/\/www.mmlegnopiu.it\/porte-finestre-milano\/prodotto\/porte-filomuro-rei-tagliafuoco-garofali-milano\/#breadcrumb"},"inLanguage":"it-IT","potentialAction":[{"@type":"ReadAction","target":["https:\/\/www.mmlegnopiu.it\/porte-finestre-milano\/prodotto\/porte-filomuro-rei-tagliafuoco-garofali-milano\/"]}]},{"@type":"ImageObject","inLanguage":"it-IT","@id":"https:\/\/www.mmlegnopiu.it\/porte-finestre-milano\/prodotto\/porte-filomuro-rei-tagliafuoco-garofali-milano\/#primaryimage","url":"https:\/\/www.mmlegnopiu.it\/porte-finestre-milano\/wp-content\/uploads\/2017\/06\/porte-filomuro-garofoli-5-4.jpg","contentUrl":"https:\/\/www.mmlegnopiu.it\/porte-finestre-milano\/wp-content\/uploads\/2017\/06\/porte-filomuro-garofoli-5-4.jpg","width":940,"height":1175},{"@type":"BreadcrumbList","@id":"https:\/\/www.mmlegnopiu.it\/porte-finestre-milano\/prodotto\/porte-filomuro-rei-tagliafuoco-garofali-milano\/#breadcrumb","itemListElement":[{"@type":"ListItem","position":1,"name":"Home","item":"https:\/\/www.mmlegnopiu.it\/porte-finestre-milano\/"},{"@type":"ListItem","position":2,"name":"Shop","item":"https:\/\/www.mmlegnopiu.it\/porte-finestre-milano\/shop\/"},{"@type":"ListItem","position":3,"name":"Porte filomuro REI tagliafuoco"}]},{"@type":"WebSite","@id":"https:\/\/www.mmlegnopiu.it\/porte-finestre-milano\/#website","url":"https:\/\/www.mmlegnopiu.it\/porte-finestre-milano\/","name":"M&amp;M Legno Pi\u00f9","description":"Finestre Milano, porte, scale.","publisher":{"@id":"https:\/\/www.mmlegnopiu.it\/porte-finestre-milano\/#organization"},"potentialAction":[{"@type":"SearchAction","target":{"@type":"EntryPoint","urlTemplate":"https:\/\/www.mmlegnopiu.it\/porte-finestre-milano\/?s={search_term_string}"},"query-input":{"@type":"PropertyValueSpecification","valueRequired":true,"valueName":"search_term_string"}}],"inLanguage":"it-IT"},{"@type":"Organization","@id":"https:\/\/www.mmlegnopiu.it\/porte-finestre-milano\/#organization","name":"M & M Legno Pi\u00f9","url":"https:\/\/www.mmlegnopiu.it\/porte-finestre-milano\/","logo":{"@type":"ImageObject","inLanguage":"it-IT","@id":"https:\/\/www.mmlegnopiu.it\/porte-finestre-milano\/#\/schema\/logo\/image\/","url":"https:\/\/www.mmlegnopiu.it\/porte-finestre-milano\/wp-content\/uploads\/2015\/04\/logo.jpg","contentUrl":"https:\/\/www.mmlegnopiu.it\/porte-finestre-milano\/wp-content\/uploads\/2015\/04\/logo.jpg","width":214,"height":219,"caption":"M & M Legno Pi\u00f9"},"image":{"@id":"https:\/\/www.mmlegnopiu.it\/porte-finestre-milano\/#\/schema\/logo\/image\/"}}]}},"_links":{"self":[{"href":"https:\/\/www.mmlegnopiu.it\/porte-finestre-milano\/wp-json\/wp\/v2\/product\/8297","targetHints":{"allow":["GET"]}}],"collection":[{"href":"https:\/\/www.mmlegnopiu.it\/porte-finestre-milano\/wp-json\/wp\/v2\/product"}],"about":[{"href":"https:\/\/www.mmlegnopiu.it\/porte-finestre-milano\/wp-json\/wp\/v2\/types\/product"}],"wp:featuredmedia":[{"embeddable":true,"href":"https:\/\/www.mmlegnopiu.it\/porte-finestre-milano\/wp-json\/wp\/v2\/media\/8304"}],"wp:attachment":[{"href":"https:\/\/www.mmlegnopiu.it\/porte-finestre-milano\/wp-json\/wp\/v2\/media?parent=8297"}],"wp:term":[{"taxonomy":"product_brand","embeddable":true,"href":"https:\/\/www.mmlegnopiu.it\/porte-finestre-milano\/wp-json\/wp\/v2\/product_brand?post=8297"},{"taxonomy":"product_cat","embeddable":true,"href":"https:\/\/www.mmlegnopiu.it\/porte-finestre-milano\/wp-json\/wp\/v2\/product_cat?post=8297"},{"taxonomy":"product_tag","embeddable":true,"href":"https:\/\/www.mmlegnopiu.it\/porte-finestre-milano\/wp-json\/wp\/v2\/product_tag?post=8297"}],"curies":[{"name":"wp","href":"https:\/\/api.w.org\/{rel}","templated":true}]}}