{"id":9367,"date":"2020-05-07T10:02:13","date_gmt":"2020-05-07T08:02:13","guid":{"rendered":"http:\/\/www.mmlegnopiu.it\/porte-finestre-milano\/?post_type=product&#038;p=9367"},"modified":"2021-03-16T11:34:40","modified_gmt":"2021-03-16T10:34:40","slug":"pergola-in-legno-impregnato","status":"publish","type":"product","link":"https:\/\/www.mmlegnopiu.it\/porte-finestre-milano\/prodotto\/pergola-in-legno-impregnato\/","title":{"rendered":"Pergola BARCHESSA"},"content":{"rendered":"<h2><\/h2>\n<h1><img loading=\"lazy\" decoding=\"async\" class=\"size-full wp-image-9734 aligncenter\" src=\"http:\/\/www.mmlegnopiu.it\/porte-finestre-milano\/wp-content\/uploads\/2020\/05\/Alce-logo-300x200-1.png\" alt=\"\" width=\"300\" height=\"200\" \/><\/h1>\n<p>&nbsp;<\/p>\n<h3><\/h3>\n<h2>Barchessa struttura modulare con tetto a doppia pendenza in pino lamellare impregnato in autoclave.<\/h2>\n<h2>E&#8217; disponibile nel tipo pergola e nel tipo estensione in 3 differenti larghezze.<\/h2>\n<h2>Con l&#8217;aggiunta di una o pi\u00f9 estensioni ad una pergola \u00e8 possibile realizzare strutture di lunghezza qualsiasi.<\/h2>\n<h2>La pergola, di profondit\u00e0 450 cm \u00e8 formata da 6 pilastri, 3 capriate ed arcarecci trasversali. L&#8217;estensione di profondit\u00e0 180 cm \u00e8 formata da 2 pilastri, una capriata e arcarecci. Ogni estensione aumenta la lunghezza di 180 cm rispetto a quella della pergola. Pergola ed estensione possono essere gratuitamente modificati alle misure minori desiderate. La pergola pu\u00f2 essere completata con grigliati, frangivento e pareti dogate.<\/h2>\n<h2>E&#8217; disponibile:<\/h2>\n<ul>\n<li>\n<h2>in 3 dimensioni di diversa larghezza (L 350, L450 e L550)<\/h2>\n<\/li>\n<li>\n<h2>nella versione pergola e nella versione estensione<\/h2>\n<\/li>\n<li>\n<h2>senza e con pacchetto di copertura (costituito da perlinato di Abete impregnato in autoclave e tegola ardesiata rossa o verde).<\/h2>\n<\/li>\n<li>\n<h2>Il kit contiene: le istruzioni di montaggio, il legno e la ferramenta aerea. Gli ancoraggi a terra vanno acquistati separatamente.<\/h2>\n<\/li>\n<\/ul>\n<h2><\/h2>\n<h4><a href=\"https:\/\/www.alceweb.com\/wp-content\/uploads\/2020\/12\/Catalogo_TWIG_2021_bassa.pdf\">Scarica il catalogo<\/a><\/h4>\n<h4><a href=\"https:\/\/www.mmlegnopiu.it\/porte-finestre-milano\/contatti\/\">Contattaci per avere maggiori informazioni.<\/a><\/h4>\n<p>&nbsp;<\/p>\n<p>&nbsp;<\/p>\n","protected":false},"excerpt":{"rendered":"<p>&nbsp;<\/p>\n<h2>In base alle esigenze ma anche alle stagioni, la vostra barchessa Alceliving cambia funzione trasformandosi per voi in un garage su misura, in un ampio spazio ricovero, nel miglior ambiente in cui ricevere gli amici.<\/h2>\n","protected":false},"featured_media":9741,"template":"","meta":[],"product_brand":[],"product_cat":[618],"product_tag":[241,606,242],"class_list":{"0":"post-9367","1":"product","2":"type-product","3":"status-publish","4":"has-post-thumbnail","6":"product_cat-pergole-strutture-legno","7":"product_tag-arredo-giardino","8":"product_tag-outdoor","9":"product_tag-pergole","11":"first","12":"instock","13":"shipping-taxable","14":"product-type-simple"},"yoast_head":"<!-- This site is optimized with the Yoast SEO plugin v26.8 - https:\/\/yoast.com\/product\/yoast-seo-wordpress\/ -->\n<title>Pergola in legno BARCHESSA, disponibile in diverse dimensioni<\/title>\n<meta name=\"description\" content=\"Pergola in legno modulare a doppia pendenza in Pino impregnato lamellare, disponibile in diverse dimensioni.\" \/>\n<meta name=\"robots\" content=\"index, follow, max-snippet:-1, max-image-preview:large, max-video-preview:-1\" \/>\n<link rel=\"canonical\" href=\"https:\/\/www.mmlegnopiu.it\/porte-finestre-milano\/prodotto\/pergola-in-legno-impregnato\/\" \/>\n<meta property=\"og:locale\" content=\"it_IT\" \/>\n<meta property=\"og:type\" content=\"article\" \/>\n<meta property=\"og:title\" content=\"Pergola in legno BARCHESSA, disponibile in diverse dimensioni\" \/>\n<meta property=\"og:description\" content=\"Pergola in legno modulare a doppia pendenza in Pino impregnato lamellare, disponibile in diverse dimensioni.\" \/>\n<meta property=\"og:url\" content=\"https:\/\/www.mmlegnopiu.it\/porte-finestre-milano\/prodotto\/pergola-in-legno-impregnato\/\" \/>\n<meta property=\"og:site_name\" content=\"M&amp;M Legno Pi\u00f9\" \/>\n<meta property=\"article:modified_time\" content=\"2021-03-16T10:34:40+00:00\" \/>\n<meta property=\"og:image\" content=\"https:\/\/www.mmlegnopiu.it\/porte-finestre-milano\/wp-content\/uploads\/2020\/05\/PERGOLA-IN-LEGNO.jpg\" \/>\n\t<meta property=\"og:image:width\" content=\"638\" \/>\n\t<meta property=\"og:image:height\" content=\"628\" \/>\n\t<meta property=\"og:image:type\" content=\"image\/jpeg\" \/>\n<meta name=\"twitter:card\" content=\"summary_large_image\" \/>\n<meta name=\"twitter:label1\" content=\"Tempo di lettura stimato\" \/>\n\t<meta name=\"twitter:data1\" content=\"1 minuto\" \/>\n<script type=\"application\/ld+json\" class=\"yoast-schema-graph\">{\"@context\":\"https:\/\/schema.org\",\"@graph\":[{\"@type\":\"WebPage\",\"@id\":\"https:\/\/www.mmlegnopiu.it\/porte-finestre-milano\/prodotto\/pergola-in-legno-impregnato\/\",\"url\":\"https:\/\/www.mmlegnopiu.it\/porte-finestre-milano\/prodotto\/pergola-in-legno-impregnato\/\",\"name\":\"Pergola in legno BARCHESSA, disponibile in diverse dimensioni\",\"isPartOf\":{\"@id\":\"https:\/\/www.mmlegnopiu.it\/porte-finestre-milano\/#website\"},\"primaryImageOfPage\":{\"@id\":\"https:\/\/www.mmlegnopiu.it\/porte-finestre-milano\/prodotto\/pergola-in-legno-impregnato\/#primaryimage\"},\"image\":{\"@id\":\"https:\/\/www.mmlegnopiu.it\/porte-finestre-milano\/prodotto\/pergola-in-legno-impregnato\/#primaryimage\"},\"thumbnailUrl\":\"https:\/\/www.mmlegnopiu.it\/porte-finestre-milano\/wp-content\/uploads\/2020\/05\/PERGOLA-IN-LEGNO.jpg\",\"datePublished\":\"2020-05-07T08:02:13+00:00\",\"dateModified\":\"2021-03-16T10:34:40+00:00\",\"description\":\"Pergola in legno modulare a doppia pendenza in Pino impregnato lamellare, disponibile in diverse dimensioni.\",\"breadcrumb\":{\"@id\":\"https:\/\/www.mmlegnopiu.it\/porte-finestre-milano\/prodotto\/pergola-in-legno-impregnato\/#breadcrumb\"},\"inLanguage\":\"it-IT\",\"potentialAction\":[{\"@type\":\"ReadAction\",\"target\":[\"https:\/\/www.mmlegnopiu.it\/porte-finestre-milano\/prodotto\/pergola-in-legno-impregnato\/\"]}]},{\"@type\":\"ImageObject\",\"inLanguage\":\"it-IT\",\"@id\":\"https:\/\/www.mmlegnopiu.it\/porte-finestre-milano\/prodotto\/pergola-in-legno-impregnato\/#primaryimage\",\"url\":\"https:\/\/www.mmlegnopiu.it\/porte-finestre-milano\/wp-content\/uploads\/2020\/05\/PERGOLA-IN-LEGNO.jpg\",\"contentUrl\":\"https:\/\/www.mmlegnopiu.it\/porte-finestre-milano\/wp-content\/uploads\/2020\/05\/PERGOLA-IN-LEGNO.jpg\",\"width\":638,\"height\":628},{\"@type\":\"BreadcrumbList\",\"@id\":\"https:\/\/www.mmlegnopiu.it\/porte-finestre-milano\/prodotto\/pergola-in-legno-impregnato\/#breadcrumb\",\"itemListElement\":[{\"@type\":\"ListItem\",\"position\":1,\"name\":\"Home\",\"item\":\"https:\/\/www.mmlegnopiu.it\/porte-finestre-milano\/\"},{\"@type\":\"ListItem\",\"position\":2,\"name\":\"Shop\",\"item\":\"https:\/\/www.mmlegnopiu.it\/porte-finestre-milano\/shop\/\"},{\"@type\":\"ListItem\",\"position\":3,\"name\":\"Pergola BARCHESSA\"}]},{\"@type\":\"WebSite\",\"@id\":\"https:\/\/www.mmlegnopiu.it\/porte-finestre-milano\/#website\",\"url\":\"https:\/\/www.mmlegnopiu.it\/porte-finestre-milano\/\",\"name\":\"M&amp;M Legno Pi\u00f9\",\"description\":\"Finestre Milano, porte, scale.\",\"publisher\":{\"@id\":\"https:\/\/www.mmlegnopiu.it\/porte-finestre-milano\/#organization\"},\"potentialAction\":[{\"@type\":\"SearchAction\",\"target\":{\"@type\":\"EntryPoint\",\"urlTemplate\":\"https:\/\/www.mmlegnopiu.it\/porte-finestre-milano\/?s={search_term_string}\"},\"query-input\":{\"@type\":\"PropertyValueSpecification\",\"valueRequired\":true,\"valueName\":\"search_term_string\"}}],\"inLanguage\":\"it-IT\"},{\"@type\":\"Organization\",\"@id\":\"https:\/\/www.mmlegnopiu.it\/porte-finestre-milano\/#organization\",\"name\":\"M & M Legno Pi\u00f9\",\"url\":\"https:\/\/www.mmlegnopiu.it\/porte-finestre-milano\/\",\"logo\":{\"@type\":\"ImageObject\",\"inLanguage\":\"it-IT\",\"@id\":\"https:\/\/www.mmlegnopiu.it\/porte-finestre-milano\/#\/schema\/logo\/image\/\",\"url\":\"https:\/\/www.mmlegnopiu.it\/porte-finestre-milano\/wp-content\/uploads\/2015\/04\/logo.jpg\",\"contentUrl\":\"https:\/\/www.mmlegnopiu.it\/porte-finestre-milano\/wp-content\/uploads\/2015\/04\/logo.jpg\",\"width\":214,\"height\":219,\"caption\":\"M & M Legno Pi\u00f9\"},\"image\":{\"@id\":\"https:\/\/www.mmlegnopiu.it\/porte-finestre-milano\/#\/schema\/logo\/image\/\"}}]}<\/script>\n<!-- \/ Yoast SEO plugin. -->","yoast_head_json":{"title":"Pergola in legno BARCHESSA, disponibile in diverse dimensioni","description":"Pergola in legno modulare a doppia pendenza in Pino impregnato lamellare, disponibile in diverse dimensioni.","robots":{"index":"index","follow":"follow","max-snippet":"max-snippet:-1","max-image-preview":"max-image-preview:large","max-video-preview":"max-video-preview:-1"},"canonical":"https:\/\/www.mmlegnopiu.it\/porte-finestre-milano\/prodotto\/pergola-in-legno-impregnato\/","og_locale":"it_IT","og_type":"article","og_title":"Pergola in legno BARCHESSA, disponibile in diverse dimensioni","og_description":"Pergola in legno modulare a doppia pendenza in Pino impregnato lamellare, disponibile in diverse dimensioni.","og_url":"https:\/\/www.mmlegnopiu.it\/porte-finestre-milano\/prodotto\/pergola-in-legno-impregnato\/","og_site_name":"M&amp;M Legno Pi\u00f9","article_modified_time":"2021-03-16T10:34:40+00:00","og_image":[{"width":638,"height":628,"url":"https:\/\/www.mmlegnopiu.it\/porte-finestre-milano\/wp-content\/uploads\/2020\/05\/PERGOLA-IN-LEGNO.jpg","type":"image\/jpeg"}],"twitter_card":"summary_large_image","twitter_misc":{"Tempo di lettura stimato":"1 minuto"},"schema":{"@context":"https:\/\/schema.org","@graph":[{"@type":"WebPage","@id":"https:\/\/www.mmlegnopiu.it\/porte-finestre-milano\/prodotto\/pergola-in-legno-impregnato\/","url":"https:\/\/www.mmlegnopiu.it\/porte-finestre-milano\/prodotto\/pergola-in-legno-impregnato\/","name":"Pergola in legno BARCHESSA, disponibile in diverse dimensioni","isPartOf":{"@id":"https:\/\/www.mmlegnopiu.it\/porte-finestre-milano\/#website"},"primaryImageOfPage":{"@id":"https:\/\/www.mmlegnopiu.it\/porte-finestre-milano\/prodotto\/pergola-in-legno-impregnato\/#primaryimage"},"image":{"@id":"https:\/\/www.mmlegnopiu.it\/porte-finestre-milano\/prodotto\/pergola-in-legno-impregnato\/#primaryimage"},"thumbnailUrl":"https:\/\/www.mmlegnopiu.it\/porte-finestre-milano\/wp-content\/uploads\/2020\/05\/PERGOLA-IN-LEGNO.jpg","datePublished":"2020-05-07T08:02:13+00:00","dateModified":"2021-03-16T10:34:40+00:00","description":"Pergola in legno modulare a doppia pendenza in Pino impregnato lamellare, disponibile in diverse dimensioni.","breadcrumb":{"@id":"https:\/\/www.mmlegnopiu.it\/porte-finestre-milano\/prodotto\/pergola-in-legno-impregnato\/#breadcrumb"},"inLanguage":"it-IT","potentialAction":[{"@type":"ReadAction","target":["https:\/\/www.mmlegnopiu.it\/porte-finestre-milano\/prodotto\/pergola-in-legno-impregnato\/"]}]},{"@type":"ImageObject","inLanguage":"it-IT","@id":"https:\/\/www.mmlegnopiu.it\/porte-finestre-milano\/prodotto\/pergola-in-legno-impregnato\/#primaryimage","url":"https:\/\/www.mmlegnopiu.it\/porte-finestre-milano\/wp-content\/uploads\/2020\/05\/PERGOLA-IN-LEGNO.jpg","contentUrl":"https:\/\/www.mmlegnopiu.it\/porte-finestre-milano\/wp-content\/uploads\/2020\/05\/PERGOLA-IN-LEGNO.jpg","width":638,"height":628},{"@type":"BreadcrumbList","@id":"https:\/\/www.mmlegnopiu.it\/porte-finestre-milano\/prodotto\/pergola-in-legno-impregnato\/#breadcrumb","itemListElement":[{"@type":"ListItem","position":1,"name":"Home","item":"https:\/\/www.mmlegnopiu.it\/porte-finestre-milano\/"},{"@type":"ListItem","position":2,"name":"Shop","item":"https:\/\/www.mmlegnopiu.it\/porte-finestre-milano\/shop\/"},{"@type":"ListItem","position":3,"name":"Pergola BARCHESSA"}]},{"@type":"WebSite","@id":"https:\/\/www.mmlegnopiu.it\/porte-finestre-milano\/#website","url":"https:\/\/www.mmlegnopiu.it\/porte-finestre-milano\/","name":"M&amp;M Legno Pi\u00f9","description":"Finestre Milano, porte, scale.","publisher":{"@id":"https:\/\/www.mmlegnopiu.it\/porte-finestre-milano\/#organization"},"potentialAction":[{"@type":"SearchAction","target":{"@type":"EntryPoint","urlTemplate":"https:\/\/www.mmlegnopiu.it\/porte-finestre-milano\/?s={search_term_string}"},"query-input":{"@type":"PropertyValueSpecification","valueRequired":true,"valueName":"search_term_string"}}],"inLanguage":"it-IT"},{"@type":"Organization","@id":"https:\/\/www.mmlegnopiu.it\/porte-finestre-milano\/#organization","name":"M & M Legno Pi\u00f9","url":"https:\/\/www.mmlegnopiu.it\/porte-finestre-milano\/","logo":{"@type":"ImageObject","inLanguage":"it-IT","@id":"https:\/\/www.mmlegnopiu.it\/porte-finestre-milano\/#\/schema\/logo\/image\/","url":"https:\/\/www.mmlegnopiu.it\/porte-finestre-milano\/wp-content\/uploads\/2015\/04\/logo.jpg","contentUrl":"https:\/\/www.mmlegnopiu.it\/porte-finestre-milano\/wp-content\/uploads\/2015\/04\/logo.jpg","width":214,"height":219,"caption":"M & M Legno Pi\u00f9"},"image":{"@id":"https:\/\/www.mmlegnopiu.it\/porte-finestre-milano\/#\/schema\/logo\/image\/"}}]}},"_links":{"self":[{"href":"https:\/\/www.mmlegnopiu.it\/porte-finestre-milano\/wp-json\/wp\/v2\/product\/9367","targetHints":{"allow":["GET"]}}],"collection":[{"href":"https:\/\/www.mmlegnopiu.it\/porte-finestre-milano\/wp-json\/wp\/v2\/product"}],"about":[{"href":"https:\/\/www.mmlegnopiu.it\/porte-finestre-milano\/wp-json\/wp\/v2\/types\/product"}],"wp:featuredmedia":[{"embeddable":true,"href":"https:\/\/www.mmlegnopiu.it\/porte-finestre-milano\/wp-json\/wp\/v2\/media\/9741"}],"wp:attachment":[{"href":"https:\/\/www.mmlegnopiu.it\/porte-finestre-milano\/wp-json\/wp\/v2\/media?parent=9367"}],"wp:term":[{"taxonomy":"product_brand","embeddable":true,"href":"https:\/\/www.mmlegnopiu.it\/porte-finestre-milano\/wp-json\/wp\/v2\/product_brand?post=9367"},{"taxonomy":"product_cat","embeddable":true,"href":"https:\/\/www.mmlegnopiu.it\/porte-finestre-milano\/wp-json\/wp\/v2\/product_cat?post=9367"},{"taxonomy":"product_tag","embeddable":true,"href":"https:\/\/www.mmlegnopiu.it\/porte-finestre-milano\/wp-json\/wp\/v2\/product_tag?post=9367"}],"curies":[{"name":"wp","href":"https:\/\/api.w.org\/{rel}","templated":true}]}}